e 0 = 2*z - 10 - 0. Let v be (-15)/(-6)*12/z. Let b(x) = -4*x**2 + 11*x - 4. Let f(i) = 11*i**2 - 32*i + 12. Let w(a) = 8*b(a) + 3*f(a). Determine w(v).
-8
Let g(u) = -u**2 - u + 345. Let f be g(-20). Let i(a) = a**3 + 33*a**2 - 71*a - 34. Calculate i(f).
1
Let s(w) = w + 17. Let a(v) = -11*v - 162. Let g(f) = -a(f) - 12*s(f). What is g(-14)?
-28
Let v(t) be the second derivative of 0*t**4 + 7/10*t**5 + 0 - 1/2*t**2 + 12*t + 0*t**3. Let l(k) = k**3 + 8*k**2 + 7*k + 1. Let p be l(-7). What is v(p)?
13
Let s(h) = -13*h - 1. Let a(u) = 85*u - 56. Let y(d) = -a(d) - 5*s(d). Calculate y(3).
1
Let b(x) = 7*x**3 + 2*x**2 + x. Let t(l) = -152*l**2 - 157*l**2 + 310*l**2 + 2*l + 9*l**3. Let u(i) = 4*b(i) - 3*t(i). Determine u(-4).
24
Let a = -57 - -63. Let h(f) = -f**2 - 2*f - 1. Let v(s) = -5*s**2 - 17*s - 3. Let j(x) = a*h(x) - v(x). Determine j(4).
1
Let j(p) = 5*p + 11. Let a be j(-2). Let r(i) = -a + 4*i**3 + 2*i - 3*i**3 + 2*i**3 + 11*i**3 - 2*i**2. Calculate r(1).
13
Suppose 2*q - 2*b + 35 = -7, 0 = 5*b - 25. Let p be 1/((-4)/q*(3 - -1)). Let s(u) = u - 1. Calculate s(p).
0
Let i(b) = -40*b - 2. Suppose 6*w - 3*d = 39, 1524*w - 4*d - 32 = 1526*w. Calculate i(w).
-82
Let s(b) = b**3 + 14*b**2 - b - 16. Let d(x) = -2*x**2 + 2*x - 2. Let z(p) = -3*p - 74. Let l be z(-24). Let y be d(l). Determine s(y).
-2
Let z(w) = -19 + w - w**2 + 13*w**2 + 3 - w**3. Let k = -3874 + 3886. Determine z(k).
-4
Suppose -s + 19 = 5*y, -s - 3 = -y - 4. Let b(q) = q - 9*q - 5 + 3*q + s*q. Calculate b(-7).
2
Let o(r) = 2*r**3 + 2*r**2 + 11*r + 178. Let y(s) = s**3 + s**2 + 6*s + 91. Let h(l) = -6*o(l) + 11*y(l). Determine h(0).
-67
Let n be 30/6*-6 - 14/(-2). Let x(g) = 4*g + 98. Determine x(n).
6
Let g(r) = -r**2 + r + 5. Let f = -183 - -184. Let q be (1 - (2 + f)) + 6. Calculate g(q).
-7
Let d(h) = h - 5*h + 17 + 2*h. Let z(c) = 768*c + 19213. Let m be z(-25). Give d(m).
-9
Let a(l) = -10*l + 3. Let y(q) = -9*q + 3. Let r(h) = -4*a(h) + 5*y(h). Let c(n) = -5*n + 4. Let i(v) = -4*c(v) + 5*r(v). Suppose -38*s - 24 = -46*s. Give i(s).
-16
Let i(n) be the second derivative of -n**3/6 - 29*n**2/2 + 9*n + 54. Give i(-12).
-17
Let q(g) = g**2 - g - 33. Let u(r) = 3*r**2 - r - 58. Let o(n) = -7*q(n) + 4*u(n). Calculate o(1).
7
Suppose -h - 9 + 2 = 0. Let p = -41 + h. Let j be 3/4*p/(-18). Let k(y) = 2*y**3 - 3*y**2 + y + 1. What is k(j)?
7
Let w be (16/44)/(10/(-55)). Let d(z) = z**2 + 4 + z - 3*z + 0 - 6. What is d(w)?
6
Suppose -49 = 2*v - 31. Let r(t) be the third derivative of -t**5/60 - t**4/2 - 19*t**3/6 - 1962*t**2. What is r(v)?
8
Suppose -2*l - 6*l = -2792. Let f(c) = -703*c + l*c - c**3 + 355*c - 9 + 7*c**2. Determine f(7).
-2
Let l(v) be the third derivative of v**2 + 0 - 3/8*v**4 - 4/3*v**3 + 0*v - 1/60*v**5. Determine l(-9).
-8
Let x(s) be the second derivative of -s**4/4 - 4*s**3/3 + 7*s**2/2 - 37*s. Let q(f) = f**2 + 2*f - 2. Let w(y) = 4*q(y) + x(y). Give w(0).
-1
Let p(c) = -3*c**2 - 15*c + 11. Let q be p(-8). Let x = q - -67. Let b(r) = -r**3 + 7*r**2 - 6*r + 6. Calculate b(x).
6
Let v(a) = -a + 24*a**2 + 30*a**2 - 13*a**3 - 51*a**2 + 3*a + 2. Let u(m) = 11*m**3 - 3*m**2 - 2*m - 1. Let n(j) = -6*u(j) - 5*v(j). Calculate n(3).
2
Let j = 253 + -225. Let u(q) = 23 - q - 49 + j. What is u(2)?
0
Let h be (-1 + (-30)/(-12))/(6/92). Let o(j) = 6 - h - 6*j + 8 + j. Give o(-6).
21
Let m(w) = w - 2. Let d = 253 - 1219. Let l = d + 976. Determine m(l).
8
Suppose 64 = 4*n - i, -i - 32 = -5*n + 3*n. Suppose -8 = -n*x + 20*x, 2*z + 8 = -3*x. Let m(h) = 2*h + 1. Give m(z).
-1
Let s(n) = n**2 + 14*n - 6. Let b be (36/2160*168)/((-2)/(10*1)). Determine s(b).
-6
Let d be 4*(11799/76)/(-27). Let t(m) = 8*m + 154. Calculate t(d).
-30
Let z = -232 - -246. Suppose -z*s + 10*s + 36 = 0. Let u(k) = -k**3 + 10*k**2 - 9*k - 4. What is u(s)?
-4
Let r(p) = -2*p**2 - 3. Let s(l) = -l**2 - l + 1. Let k(h) = r(h) - 3*s(h). Let g be k(2). Let b be g + 3/(-1) - 0. Let u(q) = 11*q**3 - q + 1. Calculate u(b).
11
Let o(k) = 129*k - 5*k**2 + 190*k - 311*k - 1. Let w(d) = d**2 + 1. Let v be 1/(-1)*(3 - 2). Let z(g) = v*o(g) - 6*w(g). Determine z(-6).
7
Let l(f) be the third derivative of 5*f**4/24 + 13*f**3/6 + f**2. Suppose -u = 2*z - 5, u - 5*z - 59 = -103. Give l(u).
-32
Let t(g) = -47824*g**2 - g**3 + 47850*g**2 + 87*g + 2*g**3 - 19. Give t(-22).
3
Let z(d) = -21*d + 479. Let w be z(23). Let q(t) = 3*t + 11. Give q(w).
-1
Let b(u) = -2*u**2 - u + 3. Let v(r) = 2*r**3 - r**2 + r - 1. Let l be v(1). Let k be (7/l)/14*(-2 + 6). Give b(k).
-7
Let i(l) be the second derivative of l**6/360 - l**5/30 - l**4/3 + 33*l**3/2 - 7*l - 7. Let k(g) be the second derivative of i(g). Determine k(6).
4
Let u(b) be the second derivative of 0 + 29/6*b**3 + 17*b + 1/24*b**4 - 2/15*b**5 + 0*b**2. Let n(a) be the second derivative of u(a). What is n(1)?
-15
Let k(h) = -884 - 36*h + 1639 - 970. Let l be k(-6). Let n(p) = -2*p - 1. Determine n(l).
-3
Let w(o) = -4*o**3 - 9*o**2 + o - 1. Let v(p) = p**3 + p**2 + p + 1. Let x(r) = -3*v(r) - w(r). Suppose -48*k - 321 = 15. Determine x(k).
-23
Let j be ((-6)/(-1))/1 - 3. Let x(q) be the third derivative of -q**5/30 + q**4/24 + q**3/6 - 1857*q**2. Determine x(j).
-14
Let q be (-357)/(-28) + -7 - 1/(-4). Let f(w) be the second derivative of w**5/20 - 5*w**4/12 - 5*w**3/6 + 30*w + 2. What is f(q)?
6
Let s(n) = -224*n + 230*n - 58*n + 312. Give s(6).
0
Let w(t) be the first derivative of t**3/3 - 3*t**2/2 - 3*t - 1886. Determine w(-4).
25
Let y(i) = 2*i**3 + i + 1. Let s be 0 - (-7)/((-28)/(-760)). Suppose -5*p + 0*p = -5*d - 215, 5*d - s = -4*p. Let j = -46 + p. Determine y(j).
-2
Let x(k) be the first derivative of -7 + 9/4*k**4 + 1/2*k**2 - 2/3*k**3 + 0*k. Let p be 6/(-4) - (-3 + (-1)/(-2)). Give x(p).
8
Let y(m) be the third derivative of -m**6/360 + 7*m**5/120 - 7*m**4/24 + 127*m**3/6 - 66*m**2. Let a(c) be the first derivative of y(c). Give a(5).
3
Let w(i) be the first derivative of -2*i**2 + 115*i + 279. Give w(27).
7
Let z(j) be the first derivative of 3*j**2/2 + 4*j - 234. Determine z(-2).
-2
Let l(q) be the third derivative of 5*q**4/12 - q**3/2 + 894*q**2. What is l(-2)?
-23
Let o(x) = x**3 - 32*x**2 + 29*x + 53. Let w = 19957 + -19926. Give o(w).
-9
Let j(x) = 4. Let d = -279 - -275. Let c(i) = -2*i + 18. Let p(a) = d*j(a) + c(a). What is p(-2)?
6
Let w be (-35)/2*((-1770)/70 - -25). Let f(t) be the third derivative of 1/6*t**3 + 0*t + 0*t**w - 6*t**2 + 1/120*t**6 + 0 + 1/12*t**4. What is f(-1)?
-2
Let h(v) = v**3 + 2*v - 1. Let z(b) = 25*b**2 + 9*b + 20. Let x(o) = -2*h(o) - z(o). Let g be x(-12). Let u(f) = -f**2 - 3*f + 5. Give u(g).
-13
Let z(f) = -f**3 - 30*f**2 - 13. Let k be (15/(-9))/((-20)/(-360)). What is z(k)?
-13
Let r(h) = -2*h**2 + 46*h - 81. Suppose 391*y = 680*y - 6069. Determine r(y).
3
Let j be (-16 + 25)*(-1 + 4). Suppose 3*r + 9 = -j*m + 30*m, -13 = -m + 3*r. Let q(u) = -u**3 - u**2 + 2*u + 4. Give q(m).
4
Let p(l) = -l**2 - 12*l + 7. Let m(y) = -y**3 + 13*y**2 - 3*y + 28. Suppose 23*i + 96 - 395 = 0. Let j be m(i). What is p(j)?
18
Let b(x) = -6*x**3 + 13 - 817*x + 7*x**3 + 824*x + 8*x**2. Give b(-7).
13
Let w = -152 + 74. Let h = 78 + w. Let i(s) = -s**2 - 10. Give i(h).
-10
Suppose -d = -6*d + 195. Let r(o) = o**2 + 4*o**2 + 8 - 22*o - 19*o + o**3 + d*o. Determine r(-6).
-16
Let h(s) = -158*s - 151*s + 458*s - 161*s + 59. Give h(5).
-1
Let v(a) = 123*a - 421*a + 145*a + 119*a. Let o be 0 - 0 - 4/(-4). Give v(o).
-34
Let t be (-2 + (-2)/(-5))*10/(-4). Let m be (-34)/t*(-8)/20*5. Let k(n) = -1 - m*n + 7*n + 11*n. Give k(2).
1
Let n(x) = x**3 + 4*x**2 + 2*x + 1. Let l = -5 + 2. Let k(h) = -70232*h**2 + 35117*h**2 + 2 + 35113*h**2 - 4*h. Let m be k(l). Give n(m).
-7
Let x be (-42)/27 + (-2170)/630. Let w(z) be the third derivative of -z**4/24 - z**3/3 - 2*z**2. What is w(x)?
3
Let c(q) = -q**3 + 12*q**2 - 16*q - 12. Let z be c(10). Suppose 31 = 3*t + z. Let n(u) be the second derivative of -5*u**3/6 + u**2/2 + 4*u. What is n(t)?
-4
Let o(t) = -t**2 - 10*t - 13. Let m(r) = 2*r + 4. Let i be m(-1). Suppose 51 = i*q - 15. Let j = q - 42. Calculate o(j).
-4
Let u = 58 - 56. Suppose -r + 5 = 3*n - 3*r, u*r = n - 7. Let y(q) be the first derivative of -q**2 - 28. Determine y(n).
2
Suppose -9*b + 12*b - 12 = 0. Suppose 3*y - 29 = -4*m, -4*y + 2*m